b) = b**2 - 1869*b - 4173468. Calculate c(-1312).
4
Let f(l) = 993*l + 83. Determine f(0).
83
Let n(t) = -t**3 + 11*t**2 + 102*t - 667. Determine n(10).
453
Let d(g) = 277*g**2 - 9148*g + 75. Determine d(33).
-156
Let y(b) = 31*b**2 + 3311*b - 736. Determine y(-107).
-94
Let f(x) = -33*x**2 + 4390*x - 8364. Calculate f(131).
413
Let g(o) = -o**3 + 117*o**2 - 94*o + 10986. What is g(117)?
-12
Let s(h) = h**3 + 12*h**2 + 1334*h + 11836. Calculate s(-9).
73
Let h(i) = -25*i**2 + 3233*i - 30680. Give h(119).
22
Let c(b) = -3*b**3 + 26*b**2 + 32*b - 129. Give c(9).
78
Let f(g) = 558*g - 7888. Calculate f(13).
-634
Let y(j) = -565*j - 36478. Calculate y(-64).
-318
Let m(a) = -48518*a - 20426079. Determine m(-421).
-1
Let a(u) = -745*u - 263757. Calculate a(-354).
-27
Let y(j) = -646300*j + 1938915. Give y(3).
15
Let p(y) = y**2 + 157*y + 5789. Determine p(-58).
47
Let y(c) = -c**3 + 21*c**2 - 322*c + 3871. Determine y(16).
-1
Let r(x) = 7*x**2 + 430*x - 6167. Give r(-77).
2226
Let j(b) = 1727*b + 369561. Calculate j(-214).
-17
Let f(j) = j**3 - 9*j**2 - 146*j + 1374. Determine f(11).
10
Let p(x) = 12*x**3 + 20*x**2 - 31*x + 5. Give p(2).
119
Let p(b) = -167*b + 4189. Give p(23).
348
Let p(r) = -2*r**3 + 64*r**2 - 505*r + 39. Give p(13).
-104
Let x(k) = 10*k**2 - 1422*k + 36047. Determine x(33).
11
Let g(x) = 2791*x + 58639. What is g(-21)?
28
Let v(c) = c**3 + 87*c**2 - 21979*c + 202. Determine v(-198).
400
Let k(a) = -4*a**3 - 208*a**2 - 213*a - 498. What is k(-51)?
-39
Let v(m) = -3*m**3 - 198*m**2 - 569*m - 176. Give v(-63).
-50
Let c(u) = 125*u**2 - 205*u - 62. Calculate c(2).
28
Let g(i) = -5*i**2 + 754*i - 25921. What is g(53)?
-4
Let p(d) = 3247*d + 19590. Give p(-6).
108
Let s(b) = -b**3 + 383*b**2 + 348*b - 422933. Give s(381).
-23
Let m(k) = -k**3 + 153*k**2 + 81*k + 11323. Give m(154).
81
Let j(d) = -713*d - 2185. Give j(-3).
-46
Let q(p) = 2*p + 106. Give q(44).
194
Let z(s) = s**3 - 60*s**2 + 826*s + 100. Calculate z(37).
-825
Let w(t) = -27669*t - 193466. Determine w(-7).
217
Let y(u) = -226*u - 4903. Calculate y(-16).
-1287
Let v(x) = -x**3 + 23*x**2 + 251*x - 5294. Give v(14).
-16
Let s(t) = 3*t**2 + 8818*t - 584. What is s(0)?
-584
Let l(b) = -2401115*b - 26412266. Give l(-11).
-1
Let h(y) = y**3 - 210*y**2 - 535*y + 23580. Calculate h(212).
48
Let r(o) = -o**2 - 23642*o - 1814507. What is r(-77)?
-2
Let q(i) = 92*i - 3222. Determine q(29).
-554
Let j(l) = 2*l**3 + 29*l**2 - 271*l + 48. Calculate j(-21).
6
Let q(s) = 810*s + 3078. What is q(-2)?
1458
Let i(d) = -d**3 - 44*d**2 + 2*d + 38. Calculate i(-44).
-50
Let b(f) = 275*f - 48444. Determine b(176).
-44
Let b(d) = 6100*d + 908890. Calculate b(-149).
-10
Let k(l) = -3*l**2 + 235*l + 14788. Give k(119).
270
Let u(w) = -w**3 + 7*w**2 + 411*w + 4125. Determine u(-12).
1929
Let s(w) = -7*w - 340. Determine s(-119).
493
Let q(h) = -h**3 - 40*h**2 + 23*h + 1120. Determine q(-40).
200
Let l(w) = -140*w**2 - 6928*w + 34650. Give l(5).
-3490
Let n(u) = 14*u**2 - 418*u - 5689. Give n(40).
-9
Let x(w) = -4*w**3 + 33*w**2 - 24*w + 14. Determine x(6).
194
Let h(y) = y**3 - 6*y**2 - 379*y + 3214. Give h(9).
46
Let d(n) = -375*n**2 - 172*n - 358. Calculate d(-2).
-1514
Let i(q) = -6053*q - 18181. What is i(-3)?
-22
Let q(k) = -k**3 + 118*k**2 - 97*k + 25704. Calculate q(119).
0
Let c(a) = -1785*a + 33899. Calculate c(19).
-16
Let c(f) = -f**3 - 1022*f**2 - 3693*f - 4824475. What is c(-1023)?
-7
Let l(x) = -4*x**2 - 112*x - 169. Calculate l(-10).
551
Let u(o) = -o**2 - 3087*o - 27697. Determine u(-9).
5
Let a(l) = -1308*l + 26661. What is a(20)?
501
Let g(x) = 3*x**3 + 265*x**2 + 97*x + 730. Calculate g(-88).
-62
Let h(o) = 38*o**2 + 11366*o - 46062. Calculate h(4).
10
Let w(k) = 69*k + 452. Calculate w(22).
1970
Let s(p) = p**3 - 598*p**2 + 3434*p + 712. Calculate s(6).
4
Let c(o) = -2*o**3 + 4*o**2 + 89*o + 77. What is c(-9)?
1058
Let a(m) = m**3 - 80*m**2 - 134*m - 1932. What is a(82)?
528
Let s(r) = 4422*r + 190596. Give s(-43).
450
Let q(k) = -k**3 + 36*k**2 + 36*k + 119. Calculate q(38).
-1401
Let r(u) = -5*u**3 - 545*u**2 - 60*u - 6554. Determine r(-109).
-14
Let p(w) = -9*w**2 + 516*w + 736. Determine p(59).
-149
Let k(i) = -5239*i + 6737. What is k(1)?
1498
Let q(j) = 3*j**2 + 165*j + 2279. Calculate q(-27).
11
Let t(q) = 14*q**2 - 12674*q + 16221. Give t(904).
-51
Let y(x) = -21*x**3 + x**2 + 1454*x + 4326. Calculate y(-3).
540
Let i(j) = -4*j**2 + 558*j + 560. Calculate i(-1).
-2
Let o(k) = 38*k**2 - 103*k + 42. What is o(-2)?
400
Let l(k) = 911*k**2 - 8*k - 12. Determine l(1).
891
Let k(f) = 1781*f + 9250. Give k(-5).
345
Let u(w) = -45*w**3 + 357*w**2 + 59*w + 43. Give u(8).
323
Let h(m) = -7*m**2 + 3*m - 212. Give h(-11).
-1092
Let p(z) = -z**3 - 20*z**2 - 1260*z - 25349. What is p(-20)?
-149
Let d(n) = n**2 + 581*n + 85705. Calculate d(-259).
2307
Let z(x) = -3198*x**2 - 182*x - 3. Determine z(-1).
-3019
Let o(w) = -11*w**2 + 74436*w - 223315. Give o(3).
-106
Let z(b) = b**3 - 464*b**2 + 6736*b - 445. What is z(449)?
4
Let j(v) = -2*v**2 + 62*v - 35. Calculate j(41).
-855
Let c(b) = 2*b**2 + 321*b - 46120. Give c(-252).
-4
Let y(c) = -56*c**2 + 10367*c + 10389. Calculate y(-1).
-34
Let r(h) = 14*h**3 + 78*h**2 + 142*h + 282. What is r(-5)?
-228
Let d(p) = p**3 - 4*p**2 + 277*p - 1436. Determine d(5).
-26
Let p(n) = -24*n**3 + 1298*n**2 - 102*n + 61. Give p(54).
385
Let v(j) = 30885*j + 308721. Calculate v(-10).
-129
Let j(u) = -u**3 + 15*u**2 + 35*u - 464. Determine j(17).
-447
Let n(x) = 3*x**2 + 1169*x + 71551. Give n(-76).
35
Let z(c) = -26*c + 2449. Give z(43).
1331
Let v(a) = a**3 - 31*a**2 - 229*a - 203. Determine v(37).
-462
Let p(k) = 37*k**2 + 526*k - 434. Determine p(-15).
1
Let z(u) = u**2 - 558*u + 12328. What is z(535)?
23
Let g(z) = 8*z**2 + 102367*z + 409450. Calculate g(-4).
110
Let v(h) = h**3 + 236*h**2 - 3556*h + 62. What is v(14)?
-722
Let s(f) = -f**3 - 60*f**2 - 619*f + 139. Determine s(-14).
-211
Let h(b) = 34705*b + 69428. Give h(-2).
18
Let a(z) = -z**3 + 4*z**2 - 159*z - 543. Calculate a(-3).
-3
Let k(l) = -574*l - 34430. Give k(-60).
10
Let x(l) = 9045*l - 506607. Calculate x(56).
-87
Let w(y) = -3279*y - 75314. Calculate w(-23).
103
Let z(h) = 58665*h - 2111946. Determine z(36).
-6
Let f(h) = -125975*h - 1511696. Determine f(-12).
4
Let i(j) = 8208*j + 230230. Calculate i(-28).
406
Let r(o) = -12*o**2 + 230*o - 1124. Determine r(12).
-92
Let a(y) = -y**3 - 25*y**2 + 396*y + 55. Calculate a(-36).
55
Let l(s) = -543*s**2 + 1129*s - 1134. Calculate l(1).
-548
Let l(a) = a**2 + 612*a + 2438. Determine l(-4).
6
Let x(j) = 92759*j - 15. Calculate x(0).
-15
Let n(f) = 2*f**3 + 82*f**2 + 335*f - 415. Give n(-36).
485
Let s(r) = -1981*r - 219878. Give s(-111).
13
Let b(a) = -a**3 - 4*a**2 + 687*a + 7328. What is b(-11)?
618
Let z(x) = -2*x**3 - 86*x**2 + 526*x + 2230. Determine z(-48).
22
Let k(m) = -56531*m - 1017558. What is k(-18)?
0
Let w(q) = 14*q**2 - 337*q - 31570. Determine w(61).
-33
Let k(t) = -t**3 + 532*t**2 - 2652*t + 8948. Determine k(527).
-11
Let y(r) = 9*r**2 + 291*r - 234. Calculate y(-43).
3894
Let k(n) = -15*n**3 - 1150*n**2 + 28999*n + 25. What is k(20)?
5
Let f(q) = 3*q**2 + 2760*q - 732028. Determine f(215).
47
Let l(g) = 7680*g + 545270. Calculate l(-71).
-10
Let l(q) = 32371*q + 1683293. Calculate l(-52).
1
Let w(x) = 28*x**3 - 12501*x**2 - 6705*x - 2. Calculate w(447).
-2
Let o(u) = -2*u**2 + 7741*u + 241837. Calculate o(-31).
-56
Let p(q) = -3364*q**2 - 3359*q - 9. Give p(-1).
-14
Let b(g) = -204*g + 13910. What is b(68)?
38
Let j(r) = -609*r + 24172. What is j(41)?
-797
Let g(k) = -k**2 + 6750*k - 209008. Give g(31).
-719
Let w(t) = -92*t**3 - 60*t**2 - 73*t - 10. Give w(-1).
95
Let z(t) = -48856*t - 1367989. What is z(-28)?
-21
Let c(f) = -26*f**3 + 17*f**2 - 2*f - 10. What is c(3)?
-565
Let y(w) = w**2 - 11071*w - 1569551. Determine y(-140).
-11
Let k(g) = g**3 - 995*g**2 + 169*g - 168144. What is k(995)?
11
Let l(z) = 8502*z + 77027. Give l(-9).
509
Let q(d) = d**2 + 875*d + 116173. Determine q(-163).
117
Let g(u) = 2*u**3 + 573*u**2 + 1474*u + 15322. Calculate g(-284).
-14
Let c(o) = o**2 - 42661*o + 19662868. Give c(466).
-2
Let a(n) = 15*n**3 - 616*n**2 + 48*n - 282. Give a(41).
5
Let c(u) = -324*u**2 + 10211*u + 5015. What